5 - 443. Suppose 50 = 3*c - q*w - 290, -4*c - 5*w + 438 = 0. Calculate the highest common divisor of 64 and c.
16
Suppose 2*a = -a + 2*j + 13, j = a - 6. Let w be 1/(2/1*(-11)/(-506)). Calculate the greatest common divisor of a and w.
1
Let p(h) = 19*h - 60. Let r(c) = -17*c + 80. Let b(a) = 4*p(a) + 3*r(a). Suppose -3 - 9 = -2*d. Let v be b(d). What is the greatest common factor of 100 and v?
50
Let o be ((-168)/(-40))/(6/20). Suppose 5*n - o*z + 13*z - 436 = 0, 0 = n + 4*z - 104. Calculate the highest common factor of 55 and n.
11
Let d = 525 + -253. Calculate the highest common factor of 128 and d.
16
Let j be (-6*(-32)/(-24))/(-1). Let h be ((-182)/(-56))/(2/j). Let s(l) = -4*l - 3. Let t be s(-4). Calculate the greatest common factor of t and h.
13
Let v(q) = -11*q + 18. Let s be (-6 - (0 - 3))*(-143)/(-33). Let f be v(s). Calculate the highest common factor of 23 and f.
23
Let m(r) be the second derivative of 7*r**5/4 + r**4/6 - r**3/3 + r**2/2 - 14*r. Let u be m(1). Let w = 90 + u. What is the greatest common divisor of w and 18?
18
Suppose 0 = 5*g - 58 + 3. Suppose -g + 19 = 4*d. Let w be (1 - d)*(-21 - 0). Calculate the highest common divisor of 14 and w.
7
Let k = -154 - -158. Suppose 2*l - 26 = -t + k*l, -4*t = 3*l - 137. Calculate the greatest common factor of 224 and t.
32
Let p = 20457 + -14407. Calculate the greatest common divisor of p and 50.
50
Suppose -1831*f + 1865*f = 1428. Let j be (-208 + -2*1)/(-1). What is the highest common factor of f and j?
42
Suppose -66*z = -456 - 402. Let n(a) = -14*a + 2. Let q be n(-5). Let o = q + 71. What is the greatest common factor of o and z?
13
Let s = -27806 + 27902. Calculate the greatest common divisor of 2892 and s.
12
Let l = -3893 + 9782. What is the highest common factor of 78 and l?
39
Let i(w) = 3*w + 80. Let s be i(35). Suppose s - 653 = -26*n. What is the highest common divisor of n and 162?
18
Suppose 2*y + b - 52 = 6, -y - 5*b = -47. Let m be 1*y*(1 - 0). Calculate the highest common factor of m and 189.
27
Suppose 8*j = -3*j + 704. Suppose -18 = 2*v - j. What is the highest common divisor of v and 23?
23
Let q = -28627 - -59677. What is the greatest common divisor of 27 and q?
27
Let b = -300 + 10771. Calculate the highest common factor of b and 566.
283
Suppose 0 = -10*n + 25 + 575. Suppose -n*c + 65 = -55*c. Suppose -u + 585 = 4*u. What is the highest common factor of c and u?
13
Let m be 788/16 + 2622/552. What is the highest common factor of m and 405?
27
Suppose -4 = 2*v - 10. Suppose 9*p - 90 = v*p. Let d be (-5252)/(-39) - ((-20)/6 - -3). Calculate the greatest common factor of d and p.
15
Let a(t) be the second derivative of 0 - 1/3*t**3 - 12*t - 1/20*t**5 - 1/6*t**4 + 9/2*t**2. Let n be a(-4). What is the greatest common divisor of 7 and n?
7
Let g(b) = 97*b**2 - 224*b + 2063. Let c be g(9). Calculate the highest common factor of c and 38.
38
Let n = -4454 + 4457. Suppose 0 = -c - c + 42. Suppose -v + c = 4*r, -5*v = -r - 3 + 24. What is the highest common factor of r and n?
3
Let h be (27 - -388) + 4*-2. Let j be (-6)/(-14) + (-546)/(-98) - -5. What is the highest common factor of h and j?
11
Let y(a) be the second derivative of 39*a**5/20 - a**4/4 - a**3/3 + 2*a**2 + 29*a. Let f be y(2). What is the highest common factor of f and 20?
20
Let g be (5 + 9 + -29)*-47. Suppose 4055 = 28*d - g. Calculate the greatest common divisor of d and 70.
10
Suppose p = k - 3, -4*k = -0*k - 20. Suppose p*v + 2*z + 6 = 20, -5*z = -4*v + 73. What is the greatest common factor of 1 and v?
1
Let y = -190 - -230. Let q = y + -36. What is the highest common factor of 22 and q?
2
Suppose -802 = -18*l + 321 + 767. Let v(c) = c**2 - 7*c - 4. Let n be v(8). Let f be 45 - (0 - (-7 + n)). What is the greatest common divisor of f and l?
21
Let v be (-2)/(4/(-6))*40/(-30). Let k be v - -36*(-36)/(-27). Suppose 3*x = g + 213 + 451, 0 = 3*g + 12. Calculate the highest common factor of x and k.
44
Let z be (2475/2310)/((-1)/(-14)). Suppose -b - 35 = 90. Let x = b - -185. Calculate the greatest common divisor of x and z.
15
Let y(g) = 73*g**2 - 37*g - 54. Let o be y(-3). What is the greatest common factor of o and 442?
34
Suppose 6*o = 9*o - 309. Let i = o + -156. Let g = -21 - i. Calculate the highest common divisor of g and 32.
32
Let n = 585 - 501. Suppose -214*w = -221*w + n. Calculate the highest common factor of w and 96.
12
Let o(y) = 14*y + 143. Let x be o(-10). Suppose -3*m + 19 = -2*m + 3*w, 2*w - 36 = -x*m. Let r = 22 - 2. Calculate the highest common factor of r and m.
10
Suppose -3*s - 15 = 0, -4*s - 5275 = -5*z + 1620. What is the greatest common factor of 385 and z?
55
Suppose -3*x - 3 = -4*o - 29, 16 = 2*x - 2*o. Let n(s) = 2*s**2 - 4*s. Let h be n(4). What is the greatest common factor of h and x?
2
Let i be (25/(-5) + 25)/2 + -6. Let g(w) = 3*w**3 - 6*w**2 - 7*w + 20. Let b be g(i). Calculate the highest common divisor of 32 and b.
8
Let a(f) = 45*f**2 + 13*f - 31. Let t be a(2). Let z = t - 79. What is the greatest common divisor of 128 and z?
32
Let r be (-2)/(8 - 10) - -53. Suppose r = 2*f - p, -3*f + 63*p - 66*p + 72 = 0. What is the highest common factor of f and 325?
13
Let p(l) = l - 41. Let j be p(0). Let r = -23 - j. Let h be -8 - (-6)/(16/136*3). Calculate the highest common divisor of h and r.
9
Let p(m) = 17*m**2 + 6. Let u be p(-3). What is the highest common divisor of u and 3763?
53
Suppose -760 = 5*i - 18190. What is the greatest common divisor of 84 and i?
42
Suppose 0 = -6*p + 21 + 39. Let k be (-9)/18*(-580)/1. What is the highest common divisor of p and k?
10
Let k be ((-279)/(-45))/(0 - 4/(-20)). Suppose 3*f = k*f - 1960. What is the highest common divisor of f and 154?
14
Let p(z) = z**3 - 45*z**2 + 4*z - 136. Let l be p(45). What is the greatest common factor of l and 7436?
44
Let z be -21 + 17 + 408/2. What is the highest common divisor of 2900 and z?
100
Let x(k) = 124*k**2 + 7*k + 6. Let s be x(-1). Let i = s - 101. Calculate the highest common divisor of 209 and i.
11
Suppose -3*z + 15438 = 5*r, -7*z + 9294 = -269*r + 272*r. What is the greatest common divisor of 24 and r?
12
Let m = -385 - -388. Let f(x) = 17*x - 2. Let o(p) = -2*p. Let n(t) = 2*f(t) + 10*o(t). Let l be n(m). What is the highest common factor of l and 19?
19
Let a(z) = -z + 13. Let u be a(8). Suppose s - 7*g = -u*g - 122, -g = -3*s - 356. Let k = 119 + s. Calculate the highest common divisor of k and 8.
1
Let g be 0 + -11 + (8 - 4). Let m be (-42)/(-98) - 18/g. Suppose -m*a + 30 = -3*r, -34 = -5*a - 2*r - 12. Calculate the highest common factor of a and 3.
3
Let b(n) = -3*n**2 + 17*n - 21. Let f be b(2). Let a(c) = 41*c - 20. Let x be a(f). Suppose p + 0*p = 6. Calculate the highest common factor of p and x.
3
Let d(j) = -j**3 + 35*j**2 - 63*j - 55. Let x be d(33). Calculate the highest common divisor of 54 and x.
2
Suppose 186*r - 181*r = -5*w + 710, 0 = 3*r + 5*w - 422. Calculate the greatest common factor of 81 and r.
9
Let i = -3159 - -3212. Calculate the highest common factor of 18179 and i.
53
Suppose 25*a = -88 + 77 + 111. Calculate the highest common divisor of 186 and a.
2
Let p = -14424 + 14427. What is the greatest common divisor of p and 49?
1
Let f(r) = 132*r**2 - 139*r + 876. Let i be f(6). Calculate the highest common divisor of 510 and i.
102
Suppose -5*j + 8 = -n, -j - 2*n = 3*j - 12. Let i(f) = 23*f - 39. Let g be i(j). What is the highest common factor of 112 and g?
7
Let t(h) = -28*h - 31. Let w(u) = u + 1. Let p(d) = -2*t(d) + 10*w(d). Let s be p(2). Calculate the greatest common divisor of s and 24.
12
Suppose 819 + 253 = 4*k + 4*m, 3*k - m = 796. Calculate the greatest common divisor of 42 and k.
14
Suppose -5*c - 1 - 134 = -14*c. Calculate the highest common factor of c and 615.
15
Let y be ((-482)/(-3133))/((-3)/(-468)). What is the greatest common factor of y and 8376?
24
Suppose -24*i - 253 = -7429. What is the highest common factor of i and 115?
23
Let d be 14/2 + (-1 - -3). Let q be ((-6)/(-2))/(((-132)/(-8))/11). Let g = 29 - q. What is the greatest common factor of d and g?
9
Suppose 23*l - 82654 = -266*l. Calculate the greatest common factor of 650 and l.
26
Let t = -138 + -346. Let r be (25/((-1925)/t))/(4/14). Calculate the greatest common factor 